{"id":780,"date":"2016-06-24T12:36:34","date_gmt":"2016-06-24T12:36:34","guid":{"rendered":"http:\/\/grupomarin.org\/nuevaweb\/?page_id=780"},"modified":"2022-12-26T18:41:05","modified_gmt":"2022-12-26T18:41:05","slug":"ppp","status":"publish","type":"page","link":"https:\/\/grupomarin.org\/nuevaweb\/home\/ppp\/","title":{"rendered":""},"content":{"rendered":"\t\t<div data-elementor-type=\"wp-post\" data-elementor-id=\"780\" class=\"elementor elementor-780\">\n\t\t\t\t\t\t<div class=\"elementor-inner\">\n\t\t\t\t<div class=\"elementor-section-wrap\">\n\t\t\t\t\t\t\t\t\t<section class=\"elementor-section elementor-top-section elementor-element elementor-element-nypzkt7 elementor-section-boxed elementor-section-height-default elementor-section-height-default\" data-id=\"nypzkt7\" data-element_type=\"section\">\n\t\t\t\t\t\t<div class=\"elementor-container elementor-column-gap-default\">\n\t\t\t\t\t\t\t<div class=\"elementor-row\">\n\t\t\t\t\t<div class=\"elementor-column elementor-col-100 elementor-top-column elementor-element elementor-element-0itq67u\" data-id=\"0itq67u\" data-element_type=\"column\">\n\t\t\t<div class=\"elementor-column-wrap elementor-element-populated\">\n\t\t\t\t\t\t\t<div class=\"elementor-widget-wrap\">\n\t\t\t\t\t\t<div class=\"elementor-element elementor-element-t7gwaxq elementor-widget elementor-widget-image\" data-id=\"t7gwaxq\" data-element_type=\"widget\" data-widget_type=\"image.default\">\n\t\t\t\t<div class=\"elementor-widget-container\">\n\t\t\t\t\t\t\t\t<div class=\"elementor-image\">\n\t\t\t\t\t\t\t\t\t\t\t\t<img width=\"3915\" height=\"1037\" src=\"https:\/\/grupomarin.org\/nuevaweb\/wp-content\/uploads\/2016\/06\/web-plantilla-ppp.jpg\" class=\"attachment-full size-full\" alt=\"proyecto pedag\u00f3gico pastoral\" loading=\"lazy\" srcset=\"https:\/\/grupomarin.org\/nuevaweb\/wp-content\/uploads\/2016\/06\/web-plantilla-ppp.jpg 3915w, https:\/\/grupomarin.org\/nuevaweb\/wp-content\/uploads\/2016\/06\/web-plantilla-ppp-300x79.jpg 300w, https:\/\/grupomarin.org\/nuevaweb\/wp-content\/uploads\/2016\/06\/web-plantilla-ppp-768x203.jpg 768w, https:\/\/grupomarin.org\/nuevaweb\/wp-content\/uploads\/2016\/06\/web-plantilla-ppp-1024x271.jpg 1024w, https:\/\/grupomarin.org\/nuevaweb\/wp-content\/uploads\/2016\/06\/web-plantilla-ppp-830x220.jpg 830w, https:\/\/grupomarin.org\/nuevaweb\/wp-content\/uploads\/2016\/06\/web-plantilla-ppp-230x61.jpg 230w, https:\/\/grupomarin.org\/nuevaweb\/wp-content\/uploads\/2016\/06\/web-plantilla-ppp-350x93.jpg 350w, https:\/\/grupomarin.org\/nuevaweb\/wp-content\/uploads\/2016\/06\/web-plantilla-ppp-480x127.jpg 480w\" sizes=\"(max-width: 3915px) 100vw, 3915px\" \/>\t\t\t\t\t\t\t\t\t\t\t\t\t\t<\/div>\n\t\t\t\t\t\t<\/div>\n\t\t\t\t<\/div>\n\t\t\t\t<div class=\"elementor-element elementor-element-hv2f4pw elementor-widget elementor-widget-spacer\" data-id=\"hv2f4pw\" data-element_type=\"widget\" data-widget_type=\"spacer.default\">\n\t\t\t\t<div class=\"elementor-widget-container\">\n\t\t\t\t\t<div class=\"elementor-spacer\">\n\t\t\t<div class=\"elementor-spacer-inner\"><\/div>\n\t\t<\/div>\n\t\t\t\t<\/div>\n\t\t\t\t<\/div>\n\t\t\t\t\t\t<\/div>\n\t\t\t\t\t<\/div>\n\t\t<\/div>\n\t\t\t\t\t\t\t\t<\/div>\n\t\t\t\t\t<\/div>\n\t\t<\/section>\n\t\t\t\t<section class=\"elementor-section elementor-top-section elementor-element elementor-element-816zmmc elementor-section-boxed elementor-section-height-default elementor-section-height-default\" data-id=\"816zmmc\" data-element_type=\"section\">\n\t\t\t\t\t\t<div class=\"elementor-container elementor-column-gap-default\">\n\t\t\t\t\t\t\t<div class=\"elementor-row\">\n\t\t\t\t\t<div class=\"elementor-column elementor-col-66 elementor-top-column elementor-element elementor-element-ik3fqfg\" data-id=\"ik3fqfg\" data-element_type=\"column\">\n\t\t\t<div class=\"elementor-column-wrap elementor-element-populated\">\n\t\t\t\t\t\t\t<div class=\"elementor-widget-wrap\">\n\t\t\t\t\t\t<div class=\"elementor-element elementor-element-jubk6cw elementor-widget elementor-widget-heading\" data-id=\"jubk6cw\" data-element_type=\"widget\" data-widget_type=\"heading.default\">\n\t\t\t\t<div class=\"elementor-widget-container\">\n\t\t\t<h2 class=\"elementor-heading-title elementor-size-medium\">Proyecto Pedag\u00f3gico Pastoral<\/h2>\t\t<\/div>\n\t\t\t\t<\/div>\n\t\t\t\t<div class=\"elementor-element elementor-element-q3no29n elementor-widget elementor-widget-text-editor\" data-id=\"q3no29n\" data-element_type=\"widget\" data-widget_type=\"text-editor.default\">\n\t\t\t\t<div class=\"elementor-widget-container\">\n\t\t\t\t\t\t\t\t<div class=\"elementor-text-editor elementor-clearfix\">\n\t\t\t\t<p style=\"text-align: justify;\">Este documento tiene como finalidad expresar nuestra <strong>identidad<\/strong> como Grupo Educativo, junto con las definiciones de Misi\u00f3n, Visi\u00f3n y Nuestra Impronta. Su contenido es tanto una explicitaci\u00f3n de nuestras opciones actuales como una proyecci\u00f3n de lo que deseamos vivir. Es tarea y es meta.<\/p><p style=\"text-align: justify;\"><em><span style=\"font-size: 14pt;\">Te invitamos a conocerlo y a vivirlo. <a href=\"https:\/\/app.box.com\/s\/q79ts18uupnkc9v32ev7b96smijumgzp\" target=\"_blank\" rel=\"noopener\">Descargar aqu\u00ed<\/a><\/span><\/em><\/p>\t\t\t\t\t<\/div>\n\t\t\t\t\t\t<\/div>\n\t\t\t\t<\/div>\n\t\t\t\t\t\t<\/div>\n\t\t\t\t\t<\/div>\n\t\t<\/div>\n\t\t\t\t<div class=\"elementor-column elementor-col-33 elementor-top-column elementor-element elementor-element-6rk3qo6\" data-id=\"6rk3qo6\" data-element_type=\"column\">\n\t\t\t<div class=\"elementor-column-wrap elementor-element-populated\">\n\t\t\t\t\t\t\t<div class=\"elementor-widget-wrap\">\n\t\t\t\t\t\t<div class=\"elementor-element elementor-element-ibweh3q elementor-aspect-ratio-169 elementor-widget elementor-widget-video\" data-id=\"ibweh3q\" data-element_type=\"widget\" data-settings=\"{&quot;show_image_overlay&quot;:&quot;no&quot;,&quot;youtube_url&quot;:&quot;https:\\\/\\\/www.youtube.com\\\/watch?v=jYlVry91p98&amp;index=2&amp;list=PLTZqgdlLIEfTW9l8uu8jZtjQKkEowRpkA&quot;,&quot;video_type&quot;:&quot;youtube&quot;,&quot;controls&quot;:&quot;yes&quot;,&quot;aspect_ratio&quot;:&quot;169&quot;}\" data-widget_type=\"video.default\">\n\t\t\t\t<div class=\"elementor-widget-container\">\n\t\t\t\t\t<div class=\"elementor-wrapper elementor-fit-aspect-ratio elementor-open-inline\">\n\t\t\t<div class=\"elementor-video\"><\/div>\t\t<\/div>\n\t\t\t\t<\/div>\n\t\t\t\t<\/div>\n\t\t\t\t\t\t<\/div>\n\t\t\t\t\t<\/div>\n\t\t<\/div>\n\t\t\t\t\t\t\t\t<\/div>\n\t\t\t\t\t<\/div>\n\t\t<\/section>\n\t\t\t\t\t\t\t\t\t<\/div>\n\t\t\t<\/div>\n\t\t\t\t\t<\/div>\n\t\t","protected":false},"excerpt":{"rendered":"<p>Proyecto Pedag\u00f3gico Pastoral Este documento [&hellip;]<\/p>\n","protected":false},"author":1,"featured_media":0,"parent":3241,"menu_order":0,"comment_status":"closed","ping_status":"closed","template":"page-templates\/page_fullwidth.php","meta":[],"_links":{"self":[{"href":"https:\/\/grupomarin.org\/nuevaweb\/wp-json\/wp\/v2\/pages\/780"}],"collection":[{"href":"https:\/\/grupomarin.org\/nuevaweb\/wp-json\/wp\/v2\/pages"}],"about":[{"href":"https:\/\/grupomarin.org\/nuevaweb\/wp-json\/wp\/v2\/types\/page"}],"author":[{"embeddable":true,"href":"https:\/\/grupomarin.org\/nuevaweb\/wp-json\/wp\/v2\/users\/1"}],"replies":[{"embeddable":true,"href":"https:\/\/grupomarin.org\/nuevaweb\/wp-json\/wp\/v2\/comments?post=780"}],"version-history":[{"count":16,"href":"https:\/\/grupomarin.org\/nuevaweb\/wp-json\/wp\/v2\/pages\/780\/revisions"}],"predecessor-version":[{"id":6410,"href":"https:\/\/grupomarin.org\/nuevaweb\/wp-json\/wp\/v2\/pages\/780\/revisions\/6410"}],"up":[{"embeddable":true,"href":"https:\/\/grupomarin.org\/nuevaweb\/wp-json\/wp\/v2\/pages\/3241"}],"wp:attachment":[{"href":"https:\/\/grupomarin.org\/nuevaweb\/wp-json\/wp\/v2\/media?parent=780"}],"curies":[{"name":"wp","href":"https:\/\/api.w.org\/{rel}","templated":true}]}}