{"id":5055,"date":"2018-11-30T18:01:08","date_gmt":"2018-11-30T18:01:08","guid":{"rendered":"http:\/\/grupomarin.org\/nuevaweb\/?page_id=5055"},"modified":"2022-10-31T19:44:33","modified_gmt":"2022-10-31T19:44:33","slug":"inscripcion","status":"publish","type":"page","link":"https:\/\/grupomarin.org\/nuevaweb\/inscripcion\/","title":{"rendered":"Inscripci\u00f3n"},"content":{"rendered":"\t\t<div data-elementor-type=\"wp-post\" data-elementor-id=\"5055\" class=\"elementor elementor-5055\">\n\t\t\t\t\t\t<div class=\"elementor-inner\">\n\t\t\t\t<div class=\"elementor-section-wrap\">\n\t\t\t\t\t\t\t\t\t<section class=\"elementor-section elementor-top-section elementor-element elementor-element-32b4b3b elementor-section-boxed elementor-section-height-default elementor-section-height-default\" data-id=\"32b4b3b\" data-element_type=\"section\">\n\t\t\t\t\t\t<div class=\"elementor-container elementor-column-gap-default\">\n\t\t\t\t\t\t\t<div class=\"elementor-row\">\n\t\t\t\t\t<div class=\"elementor-column elementor-col-100 elementor-top-column elementor-element elementor-element-b85eb97\" data-id=\"b85eb97\" data-element_type=\"column\">\n\t\t\t<div class=\"elementor-column-wrap elementor-element-populated\">\n\t\t\t\t\t\t\t<div class=\"elementor-widget-wrap\">\n\t\t\t\t\t\t<div class=\"elementor-element elementor-element-3120e74 elementor-widget elementor-widget-text-editor\" data-id=\"3120e74\" data-element_type=\"widget\" data-widget_type=\"text-editor.default\">\n\t\t\t\t<div class=\"elementor-widget-container\">\n\t\t\t\t\t\t\t\t<div class=\"elementor-text-editor elementor-clearfix\">\n\t\t\t\t<p><span style=\"color: #333333;\">Inscripci\u00f3n al Profesorado de Nivel Primario del Instituto Superior de Formaci\u00f3n Docente Carmen Arriola de Mar\u00edn.<\/span><\/p><p><span style=\"color: #333333;\">La inscripci\u00f3n se realiza de manera on line por p\u00e1gina Institucional (www.marin.edu.ar).<\/span><\/p><p><span style=\"color: #333333;\">La inscripci\u00f3n consta de dos partes:<\/span><\/p><p><span style=\"color: #333333;\">1) Completar formulario on line.\u00a0<\/span><\/p><p><span style=\"color: #333333; font-family: verdana, sans-serif;\">2)Env\u00edo de la documentaci\u00f3n requerida escaneada y en formato PDF,\u00a0 por correo electr\u00f3nico\u00a0 a\u00a0<a style=\"color: #333333;\" href=\"mailto:isfdcam@marin.edu.ar\" target=\"_blank\" rel=\"noopener\">isfdcam@marin.edu.ar<\/a>\u00a0.\u00a0<wbr \/>Indicando en el \u201casunto\u201d del correo, Apellido, Nombre y DNI del inscripto.<\/span><\/p><p><span style=\"color: #333333;\">DOCUMENTACI\u00d3N REQUERIDA :<\/span><\/p><p><span style=\"color: #333333;\">&#8211; Partida de nacimiento .<\/span><br \/><span style=\"color: #333333;\">&#8211; Documento Nacional de Identidad<\/span><br \/><span style=\"color: #333333;\">&#8211; T\u00edtulo de nivel secundario o en su defecto constancia de t\u00edtulo en tr\u00e1mite o certificado de alumno regular del \u00faltimo a\u00f1o de estudios con el compromiso de presentar el certificado de fin de estudios.<\/span><\/p><p><span style=\"color: #333333;\">&#8211; Certificado de aptitud f\u00edsica <a href=\"https:\/\/app.box.com\/s\/y1godfky4qj8t8jpnz7z75yi7xnogqsj\" target=\"_blank\" rel=\"noopener\">(descargar aqu\u00ed).<\/a><\/span><\/p><p><span style=\"color: #333333;\">&#8211; Ficha personal <a href=\"https:\/\/app.box.com\/s\/zbmqmaxok29udk30itq7hy71vqxv8xne\" target=\"_blank\" rel=\"noopener\">(descargar aqu\u00ed).\u00a0<\/a><\/span><\/p><p><span style=\"color: #333333;\">&#8211; Apto Fonoaudiol\u00f3gico.<\/span><\/p><p><span style=\"color: #333333;\">IMPORTANTE:\u00a0Toda la documentaci\u00f3n enumerada y enviada en formato pdf por correo electr\u00f3nico,\u00a0 junto con\u00a0dos fotos carnet\u00a0deber\u00e1\u00a0 ser\u00a0presentada en formato papel al momento de iniciar presencialmente el cursado de la carrera.<\/span><\/p><p><span style=\"color: #333333;\">Completar Formulario On Line y Descargar Ficha M\u00e9dica.<\/span><\/p><p><span style=\"color: #333333;\">Para mayor informaci\u00f3n : (011) 4743-0028 Int. 243, de Lunes a Viernes de 17 a 21 hs\u00a0<\/span><\/p>\t\t\t\t\t<\/div>\n\t\t\t\t\t\t<\/div>\n\t\t\t\t<\/div>\n\t\t\t\t\t\t<\/div>\n\t\t\t\t\t<\/div>\n\t\t<\/div>\n\t\t\t\t\t\t\t\t<\/div>\n\t\t\t\t\t<\/div>\n\t\t<\/section>\n\t\t\t\t<section class=\"elementor-section elementor-top-section elementor-element elementor-element-f4fafa5 elementor-section-boxed elementor-section-height-default elementor-section-height-default\" data-id=\"f4fafa5\" data-element_type=\"section\">\n\t\t\t\t\t\t<div class=\"elementor-container elementor-column-gap-default\">\n\t\t\t\t\t\t\t<div class=\"elementor-row\">\n\t\t\t\t\t<div class=\"elementor-column elementor-col-50 elementor-top-column elementor-element elementor-element-9c73b0b\" data-id=\"9c73b0b\" data-element_type=\"column\">\n\t\t\t<div class=\"elementor-column-wrap elementor-element-populated\">\n\t\t\t\t\t\t\t<div class=\"elementor-widget-wrap\">\n\t\t\t\t\t\t<div class=\"elementor-element elementor-element-8806d7b elementor-widget elementor-widget-image\" data-id=\"8806d7b\" data-element_type=\"widget\" data-widget_type=\"image.default\">\n\t\t\t\t<div class=\"elementor-widget-container\">\n\t\t\t\t\t\t\t\t<div class=\"elementor-image\">\n\t\t\t\t\t\t\t\t\t\t\t\t\t<a href=\"https:\/\/forms.gle\/fXQpLqQr7u1P8GLR7\" target=\"_blank\">\n\t\t\t\t\t\t\t<img width=\"729\" height=\"342\" src=\"https:\/\/grupomarin.org\/nuevaweb\/wp-content\/uploads\/2019\/12\/nomanclador-novedades-2018-06.jpg\" class=\"attachment-large size-large\" alt=\"\" loading=\"lazy\" srcset=\"https:\/\/grupomarin.org\/nuevaweb\/wp-content\/uploads\/2019\/12\/nomanclador-novedades-2018-06.jpg 729w, https:\/\/grupomarin.org\/nuevaweb\/wp-content\/uploads\/2019\/12\/nomanclador-novedades-2018-06-300x141.jpg 300w, https:\/\/grupomarin.org\/nuevaweb\/wp-content\/uploads\/2019\/12\/nomanclador-novedades-2018-06-230x108.jpg 230w, https:\/\/grupomarin.org\/nuevaweb\/wp-content\/uploads\/2019\/12\/nomanclador-novedades-2018-06-350x164.jpg 350w, https:\/\/grupomarin.org\/nuevaweb\/wp-content\/uploads\/2019\/12\/nomanclador-novedades-2018-06-480x225.jpg 480w\" sizes=\"(max-width: 729px) 100vw, 729px\" \/>\t\t\t\t\t\t\t\t<\/a>\n\t\t\t\t\t\t\t\t\t\t\t\t\t\t<\/div>\n\t\t\t\t\t\t<\/div>\n\t\t\t\t<\/div>\n\t\t\t\t\t\t<\/div>\n\t\t\t\t\t<\/div>\n\t\t<\/div>\n\t\t\t\t<div class=\"elementor-column elementor-col-50 elementor-top-column elementor-element elementor-element-69b0351\" data-id=\"69b0351\" data-element_type=\"column\">\n\t\t\t<div class=\"elementor-column-wrap elementor-element-populated\">\n\t\t\t\t\t\t\t<div class=\"elementor-widget-wrap\">\n\t\t\t\t\t\t<div class=\"elementor-element elementor-element-dcd4cb6 elementor-widget elementor-widget-image\" data-id=\"dcd4cb6\" data-element_type=\"widget\" data-widget_type=\"image.default\">\n\t\t\t\t<div class=\"elementor-widget-container\">\n\t\t\t\t\t\t\t\t<div class=\"elementor-image\">\n\t\t\t\t\t\t\t\t\t\t\t\t\t<a href=\"http:\/\/grupomarin.org\/nuevaweb\/fichamedica\/\" target=\"_blank\">\n\t\t\t\t\t\t\t<img width=\"729\" height=\"341\" src=\"https:\/\/grupomarin.org\/nuevaweb\/wp-content\/uploads\/2019\/12\/nomanclador-novedades-2018-05.jpg\" class=\"attachment-large size-large\" alt=\"\" loading=\"lazy\" srcset=\"https:\/\/grupomarin.org\/nuevaweb\/wp-content\/uploads\/2019\/12\/nomanclador-novedades-2018-05.jpg 729w, https:\/\/grupomarin.org\/nuevaweb\/wp-content\/uploads\/2019\/12\/nomanclador-novedades-2018-05-300x140.jpg 300w, https:\/\/grupomarin.org\/nuevaweb\/wp-content\/uploads\/2019\/12\/nomanclador-novedades-2018-05-230x108.jpg 230w, https:\/\/grupomarin.org\/nuevaweb\/wp-content\/uploads\/2019\/12\/nomanclador-novedades-2018-05-350x164.jpg 350w, https:\/\/grupomarin.org\/nuevaweb\/wp-content\/uploads\/2019\/12\/nomanclador-novedades-2018-05-480x225.jpg 480w\" sizes=\"(max-width: 729px) 100vw, 729px\" \/>\t\t\t\t\t\t\t\t<\/a>\n\t\t\t\t\t\t\t\t\t\t\t\t\t\t<\/div>\n\t\t\t\t\t\t<\/div>\n\t\t\t\t<\/div>\n\t\t\t\t\t\t<\/div>\n\t\t\t\t\t<\/div>\n\t\t<\/div>\n\t\t\t\t\t\t\t\t<\/div>\n\t\t\t\t\t<\/div>\n\t\t<\/section>\n\t\t\t\t\t\t\t\t\t<\/div>\n\t\t\t<\/div>\n\t\t\t\t\t<\/div>\n\t\t","protected":false},"excerpt":{"rendered":"<p>Inscripci\u00f3n al Profesorado de Nivel [&hellip;]<\/p>\n","protected":false},"author":1,"featured_media":0,"parent":0,"menu_order":0,"comment_status":"closed","ping_status":"closed","template":"","meta":[],"_links":{"self":[{"href":"https:\/\/grupomarin.org\/nuevaweb\/wp-json\/wp\/v2\/pages\/5055"}],"collection":[{"href":"https:\/\/grupomarin.org\/nuevaweb\/wp-json\/wp\/v2\/pages"}],"about":[{"href":"https:\/\/grupomarin.org\/nuevaweb\/wp-json\/wp\/v2\/types\/page"}],"author":[{"embeddable":true,"href":"https:\/\/grupomarin.org\/nuevaweb\/wp-json\/wp\/v2\/users\/1"}],"replies":[{"embeddable":true,"href":"https:\/\/grupomarin.org\/nuevaweb\/wp-json\/wp\/v2\/comments?post=5055"}],"version-history":[{"count":31,"href":"https:\/\/grupomarin.org\/nuevaweb\/wp-json\/wp\/v2\/pages\/5055\/revisions"}],"predecessor-version":[{"id":6385,"href":"https:\/\/grupomarin.org\/nuevaweb\/wp-json\/wp\/v2\/pages\/5055\/revisions\/6385"}],"wp:attachment":[{"href":"https:\/\/grupomarin.org\/nuevaweb\/wp-json\/wp\/v2\/media?parent=5055"}],"curies":[{"name":"wp","href":"https:\/\/api.w.org\/{rel}","templated":true}]}}