{"id":4094,"date":"2017-08-31T18:53:02","date_gmt":"2017-08-31T18:53:02","guid":{"rendered":"http:\/\/grupomarin.org\/nuevaweb\/?page_id=4094"},"modified":"2019-12-05T14:45:42","modified_gmt":"2019-12-05T14:45:42","slug":"inscripciones-santa","status":"publish","type":"page","link":"https:\/\/grupomarin.org\/nuevaweb\/santa-maria-de-lujan-2\/inscripciones-santa\/","title":{"rendered":"inscripciones SANTA"},"content":{"rendered":"\t\t<div data-elementor-type=\"wp-page\" data-elementor-id=\"4094\" class=\"elementor elementor-4094 elementor-bc-flex-widget\">\n\t\t\t\t\t\t<div class=\"elementor-inner\">\n\t\t\t\t<div class=\"elementor-section-wrap\">\n\t\t\t\t\t\t\t\t\t<section class=\"elementor-section elementor-top-section elementor-element elementor-element-nuh10bp elementor-section-boxed elementor-section-height-default elementor-section-height-default\" data-id=\"nuh10bp\" data-element_type=\"section\">\n\t\t\t\t\t\t<div class=\"elementor-container elementor-column-gap-default\">\n\t\t\t\t\t\t\t<div class=\"elementor-row\">\n\t\t\t\t\t<div class=\"elementor-column elementor-col-100 elementor-top-column elementor-element elementor-element-a554wya\" data-id=\"a554wya\" data-element_type=\"column\">\n\t\t\t<div class=\"elementor-column-wrap elementor-element-populated\">\n\t\t\t\t\t\t\t<div class=\"elementor-widget-wrap\">\n\t\t\t\t\t\t<div class=\"elementor-element elementor-element-sicg4vv elementor-widget elementor-widget-image\" data-id=\"sicg4vv\" data-element_type=\"widget\" data-widget_type=\"image.default\">\n\t\t\t\t<div class=\"elementor-widget-container\">\n\t\t\t\t\t\t\t\t<div class=\"elementor-image\">\n\t\t\t\t\t\t\t\t\t\t\t\t<img width=\"1024\" height=\"86\" src=\"https:\/\/grupomarin.org\/nuevaweb\/wp-content\/uploads\/2017\/07\/INCROPCIONES-WEB-1024x86.png\" class=\"attachment-large size-large\" alt=\"inscripci\u00f3n\" loading=\"lazy\" srcset=\"https:\/\/grupomarin.org\/nuevaweb\/wp-content\/uploads\/2017\/07\/INCROPCIONES-WEB-1024x86.png 1024w, https:\/\/grupomarin.org\/nuevaweb\/wp-content\/uploads\/2017\/07\/INCROPCIONES-WEB-300x25.png 300w, https:\/\/grupomarin.org\/nuevaweb\/wp-content\/uploads\/2017\/07\/INCROPCIONES-WEB-768x65.png 768w, https:\/\/grupomarin.org\/nuevaweb\/wp-content\/uploads\/2017\/07\/INCROPCIONES-WEB-830x70.png 830w, https:\/\/grupomarin.org\/nuevaweb\/wp-content\/uploads\/2017\/07\/INCROPCIONES-WEB-230x19.png 230w, https:\/\/grupomarin.org\/nuevaweb\/wp-content\/uploads\/2017\/07\/INCROPCIONES-WEB-350x30.png 350w, https:\/\/grupomarin.org\/nuevaweb\/wp-content\/uploads\/2017\/07\/INCROPCIONES-WEB-480x41.png 480w, https:\/\/grupomarin.org\/nuevaweb\/wp-content\/uploads\/2017\/07\/INCROPCIONES-WEB.png 1920w\" sizes=\"(max-width: 1024px) 100vw, 1024px\" \/>\t\t\t\t\t\t\t\t\t\t\t\t\t\t<\/div>\n\t\t\t\t\t\t<\/div>\n\t\t\t\t<\/div>\n\t\t\t\t\t\t<\/div>\n\t\t\t\t\t<\/div>\n\t\t<\/div>\n\t\t\t\t\t\t\t\t<\/div>\n\t\t\t\t\t<\/div>\n\t\t<\/section>\n\t\t\t\t<section class=\"elementor-section elementor-top-section elementor-element elementor-element-165e5c2f elementor-section-boxed elementor-section-height-default elementor-section-height-default\" data-id=\"165e5c2f\" data-element_type=\"section\">\n\t\t\t\t\t\t<div class=\"elementor-container elementor-column-gap-default\">\n\t\t\t\t\t\t\t<div class=\"elementor-row\">\n\t\t\t\t\t<div class=\"elementor-column elementor-col-100 elementor-top-column elementor-element elementor-element-78cdbf73\" data-id=\"78cdbf73\" data-element_type=\"column\">\n\t\t\t<div class=\"elementor-column-wrap elementor-element-populated\">\n\t\t\t\t\t\t\t<div class=\"elementor-widget-wrap\">\n\t\t\t\t\t\t<section class=\"elementor-section elementor-inner-section elementor-element elementor-element-79ce444f elementor-section-boxed elementor-section-height-default elementor-section-height-default\" data-id=\"79ce444f\" data-element_type=\"section\">\n\t\t\t\t\t\t<div class=\"elementor-container elementor-column-gap-default\">\n\t\t\t\t\t\t\t<div class=\"elementor-row\">\n\t\t\t\t\t<div class=\"elementor-column elementor-col-100 elementor-inner-column elementor-element elementor-element-7ffc2a2c\" data-id=\"7ffc2a2c\" data-element_type=\"column\">\n\t\t\t<div class=\"elementor-column-wrap elementor-element-populated\">\n\t\t\t\t\t\t\t<div class=\"elementor-widget-wrap\">\n\t\t\t\t\t\t<div class=\"elementor-element elementor-element-668f7bf8 elementor-widget elementor-widget-heading\" data-id=\"668f7bf8\" data-element_type=\"widget\" data-widget_type=\"heading.default\">\n\t\t\t\t<div class=\"elementor-widget-container\">\n\t\t\t<h2 class=\"elementor-heading-title elementor-size-medium\">Gracias por elegir al Grupo Educativo Mar\u00edn como opci\u00f3n educativa para su hijo\/a.<br><br>\n<\/h2>\t\t<\/div>\n\t\t\t\t<\/div>\n\t\t\t\t<div class=\"elementor-element elementor-element-703cc0d4 elementor-widget elementor-widget-text-editor\" data-id=\"703cc0d4\" data-element_type=\"widget\" data-widget_type=\"text-editor.default\">\n\t\t\t\t<div class=\"elementor-widget-container\">\n\t\t\t\t\t\t\t\t<div class=\"elementor-text-editor elementor-clearfix\">\n\t\t\t\t<p style=\"text-align: center;\"><a href=\"https:\/\/docs.google.com\/forms\/d\/12tTJpklgMpZhbV7hLvX8E-4PNKPTa7hOMgi-KLEt5KY\/edit?ts=5b225fee\" target=\"_blank\" rel=\"noopener\">Por favor ingrese al formulario del Colegio Santa Mar\u00eda de Luj\u00e1n aqu\u00ed.\u00a0<\/a><\/p>\t\t\t\t\t<\/div>\n\t\t\t\t\t\t<\/div>\n\t\t\t\t<\/div>\n\t\t\t\t\t\t<\/div>\n\t\t\t\t\t<\/div>\n\t\t<\/div>\n\t\t\t\t\t\t\t\t<\/div>\n\t\t\t\t\t<\/div>\n\t\t<\/section>\n\t\t\t\t\t\t<\/div>\n\t\t\t\t\t<\/div>\n\t\t<\/div>\n\t\t\t\t\t\t\t\t<\/div>\n\t\t\t\t\t<\/div>\n\t\t<\/section>\n\t\t\t\t\t\t\t\t\t<\/div>\n\t\t\t<\/div>\n\t\t\t\t\t<\/div>\n\t\t","protected":false},"excerpt":{"rendered":"<p>Gracias por elegir al Grupo [&hellip;]<\/p>\n","protected":false},"author":1,"featured_media":0,"parent":3301,"menu_order":0,"comment_status":"closed","ping_status":"closed","template":"page-templates\/page_fullwidth.php","meta":[],"_links":{"self":[{"href":"https:\/\/grupomarin.org\/nuevaweb\/wp-json\/wp\/v2\/pages\/4094"}],"collection":[{"href":"https:\/\/grupomarin.org\/nuevaweb\/wp-json\/wp\/v2\/pages"}],"about":[{"href":"https:\/\/grupomarin.org\/nuevaweb\/wp-json\/wp\/v2\/types\/page"}],"author":[{"embeddable":true,"href":"https:\/\/grupomarin.org\/nuevaweb\/wp-json\/wp\/v2\/users\/1"}],"replies":[{"embeddable":true,"href":"https:\/\/grupomarin.org\/nuevaweb\/wp-json\/wp\/v2\/comments?post=4094"}],"version-history":[{"count":6,"href":"https:\/\/grupomarin.org\/nuevaweb\/wp-json\/wp\/v2\/pages\/4094\/revisions"}],"predecessor-version":[{"id":5422,"href":"https:\/\/grupomarin.org\/nuevaweb\/wp-json\/wp\/v2\/pages\/4094\/revisions\/5422"}],"up":[{"embeddable":true,"href":"https:\/\/grupomarin.org\/nuevaweb\/wp-json\/wp\/v2\/pages\/3301"}],"wp:attachment":[{"href":"https:\/\/grupomarin.org\/nuevaweb\/wp-json\/wp\/v2\/media?parent=4094"}],"curies":[{"name":"wp","href":"https:\/\/api.w.org\/{rel}","templated":true}]}}