{"id":3851,"date":"2017-08-28T13:14:40","date_gmt":"2017-08-28T13:14:40","guid":{"rendered":"http:\/\/grupomarin.org\/nuevaweb\/?page_id=3851"},"modified":"2019-08-08T15:11:03","modified_gmt":"2019-08-08T15:11:03","slug":"financiamiento-y-sustentabilidad","status":"publish","type":"page","link":"https:\/\/grupomarin.org\/nuevaweb\/placido-marin-2\/financiamiento-y-sustentabilidad\/","title":{"rendered":"Financiamiento y sustentabilidad"},"content":{"rendered":"\t\t<div data-elementor-type=\"wp-post\" data-elementor-id=\"3851\" class=\"elementor elementor-3851 elementor-bc-flex-widget\">\n\t\t\t\t\t\t<div class=\"elementor-inner\">\n\t\t\t\t<div class=\"elementor-section-wrap\">\n\t\t\t\t\t\t\t\t\t<section class=\"elementor-section elementor-top-section elementor-element elementor-element-5axym2m elementor-section-boxed elementor-section-height-default elementor-section-height-default\" data-id=\"5axym2m\" data-element_type=\"section\">\n\t\t\t\t\t\t<div class=\"elementor-container elementor-column-gap-default\">\n\t\t\t\t\t\t\t<div class=\"elementor-row\">\n\t\t\t\t\t<div class=\"elementor-column elementor-col-100 elementor-top-column elementor-element elementor-element-07np0ye\" data-id=\"07np0ye\" data-element_type=\"column\">\n\t\t\t<div class=\"elementor-column-wrap elementor-element-populated\">\n\t\t\t\t\t\t\t<div class=\"elementor-widget-wrap\">\n\t\t\t\t\t\t<div class=\"elementor-element elementor-element-1lazywa elementor-widget elementor-widget-image\" data-id=\"1lazywa\" data-element_type=\"widget\" data-widget_type=\"image.default\">\n\t\t\t\t<div class=\"elementor-widget-container\">\n\t\t\t\t\t\t\t\t<div class=\"elementor-image\">\n\t\t\t\t\t\t\t\t\t\t\t\t<img width=\"992\" height=\"661\" src=\"https:\/\/grupomarin.org\/nuevaweb\/wp-content\/uploads\/2019\/08\/IMG_4308.jpg\" class=\"attachment-large size-large\" alt=\"\" loading=\"lazy\" srcset=\"https:\/\/grupomarin.org\/nuevaweb\/wp-content\/uploads\/2019\/08\/IMG_4308.jpg 992w, https:\/\/grupomarin.org\/nuevaweb\/wp-content\/uploads\/2019\/08\/IMG_4308-300x200.jpg 300w, https:\/\/grupomarin.org\/nuevaweb\/wp-content\/uploads\/2019\/08\/IMG_4308-768x512.jpg 768w, https:\/\/grupomarin.org\/nuevaweb\/wp-content\/uploads\/2019\/08\/IMG_4308-830x553.jpg 830w, https:\/\/grupomarin.org\/nuevaweb\/wp-content\/uploads\/2019\/08\/IMG_4308-230x153.jpg 230w, https:\/\/grupomarin.org\/nuevaweb\/wp-content\/uploads\/2019\/08\/IMG_4308-350x233.jpg 350w, https:\/\/grupomarin.org\/nuevaweb\/wp-content\/uploads\/2019\/08\/IMG_4308-480x320.jpg 480w\" sizes=\"(max-width: 992px) 100vw, 992px\" \/>\t\t\t\t\t\t\t\t\t\t\t\t\t\t<\/div>\n\t\t\t\t\t\t<\/div>\n\t\t\t\t<\/div>\n\t\t\t\t<div class=\"elementor-element elementor-element-ax0mb0k elementor-widget elementor-widget-spacer\" data-id=\"ax0mb0k\" data-element_type=\"widget\" data-widget_type=\"spacer.default\">\n\t\t\t\t<div class=\"elementor-widget-container\">\n\t\t\t\t\t<div class=\"elementor-spacer\">\n\t\t\t<div class=\"elementor-spacer-inner\"><\/div>\n\t\t<\/div>\n\t\t\t\t<\/div>\n\t\t\t\t<\/div>\n\t\t\t\t\t\t<\/div>\n\t\t\t\t\t<\/div>\n\t\t<\/div>\n\t\t\t\t\t\t\t\t<\/div>\n\t\t\t\t\t<\/div>\n\t\t<\/section>\n\t\t\t\t<section class=\"elementor-section elementor-top-section elementor-element elementor-element-upn24at elementor-section-boxed elementor-section-height-default elementor-section-height-default\" data-id=\"upn24at\" data-element_type=\"section\">\n\t\t\t\t\t\t<div class=\"elementor-container elementor-column-gap-default\">\n\t\t\t\t\t\t\t<div class=\"elementor-row\">\n\t\t\t\t\t<div class=\"elementor-column elementor-col-50 elementor-top-column elementor-element elementor-element-egpd39m\" data-id=\"egpd39m\" data-element_type=\"column\">\n\t\t\t<div class=\"elementor-column-wrap elementor-element-populated\">\n\t\t\t\t\t\t\t<div class=\"elementor-widget-wrap\">\n\t\t\t\t\t\t<div class=\"elementor-element elementor-element-jms2aen elementor-widget elementor-widget-heading\" data-id=\"jms2aen\" data-element_type=\"widget\" data-widget_type=\"heading.default\">\n\t\t\t\t<div class=\"elementor-widget-container\">\n\t\t\t<h2 class=\"elementor-heading-title elementor-size-large\">Financiamiento y sustentabilidad <\/h2>\t\t<\/div>\n\t\t\t\t<\/div>\n\t\t\t\t<div class=\"elementor-element elementor-element-fy1x6m0 elementor-widget-divider--view-line elementor-widget elementor-widget-divider\" data-id=\"fy1x6m0\" data-element_type=\"widget\" data-widget_type=\"divider.default\">\n\t\t\t\t<div class=\"elementor-widget-container\">\n\t\t\t\t\t<div class=\"elementor-divider\">\n\t\t\t<span class=\"elementor-divider-separator\">\n\t\t\t\t\t\t<\/span>\n\t\t<\/div>\n\t\t\t\t<\/div>\n\t\t\t\t<\/div>\n\t\t\t\t<div class=\"elementor-element elementor-element-e0qe8tb elementor-widget elementor-widget-text-editor\" data-id=\"e0qe8tb\" data-element_type=\"widget\" data-widget_type=\"text-editor.default\">\n\t\t\t\t<div class=\"elementor-widget-container\">\n\t\t\t\t\t\t\t\t<div class=\"elementor-text-editor elementor-clearfix\">\n\t\t\t\t<p style=\"text-align: center;\">El Colegio Pl\u00e1cido Mar\u00edn recibe una subvenci\u00f3n estatal con la cual cubre aproximadamente el 25 % de su presupuesto. El Grupo Educativo Mar\u00edn aporta gran parte del financiamiento del proyecto, contribuyendo fundamentalmente al pago de salarios del personal docente y no docente (lo cual representa un 85 % del presupuesto anual) y otros insumos necesarios para la tarea cotidiana.<\/p><p style=\"text-align: center;\">Por \u00faltimo, existe un grupo de colaboradores que aportan para proyectos espec\u00edficos y obras de infraestructura que son necesarios para poder seguir brindando un servicio educativo de calidad que responda a los desaf\u00edos del tiempo presente.<\/p><p style=\"text-align: center;\">\u00a0<\/p>\t\t\t\t\t<\/div>\n\t\t\t\t\t\t<\/div>\n\t\t\t\t<\/div>\n\t\t\t\t\t\t<\/div>\n\t\t\t\t\t<\/div>\n\t\t<\/div>\n\t\t\t\t<div class=\"elementor-column elementor-col-50 elementor-top-column elementor-element elementor-element-izg0bew\" data-id=\"izg0bew\" data-element_type=\"column\">\n\t\t\t<div class=\"elementor-column-wrap elementor-element-populated\">\n\t\t\t\t\t\t\t<div class=\"elementor-widget-wrap\">\n\t\t\t\t\t\t<div class=\"elementor-element elementor-element-vqee9th elementor-widget elementor-widget-image\" data-id=\"vqee9th\" data-element_type=\"widget\" data-widget_type=\"image.default\">\n\t\t\t\t<div class=\"elementor-widget-container\">\n\t\t\t\t\t\t\t\t<div class=\"elementor-image\">\n\t\t\t\t\t\t\t\t\t\t\t\t<img width=\"960\" height=\"720\" src=\"https:\/\/grupomarin.org\/nuevaweb\/wp-content\/uploads\/2019\/08\/67463583_2313443435411857_1524870225105780736_n.jpg\" class=\"attachment-large size-large\" alt=\"\" loading=\"lazy\" srcset=\"https:\/\/grupomarin.org\/nuevaweb\/wp-content\/uploads\/2019\/08\/67463583_2313443435411857_1524870225105780736_n.jpg 960w, https:\/\/grupomarin.org\/nuevaweb\/wp-content\/uploads\/2019\/08\/67463583_2313443435411857_1524870225105780736_n-300x225.jpg 300w, https:\/\/grupomarin.org\/nuevaweb\/wp-content\/uploads\/2019\/08\/67463583_2313443435411857_1524870225105780736_n-768x576.jpg 768w, https:\/\/grupomarin.org\/nuevaweb\/wp-content\/uploads\/2019\/08\/67463583_2313443435411857_1524870225105780736_n-830x623.jpg 830w, https:\/\/grupomarin.org\/nuevaweb\/wp-content\/uploads\/2019\/08\/67463583_2313443435411857_1524870225105780736_n-230x173.jpg 230w, https:\/\/grupomarin.org\/nuevaweb\/wp-content\/uploads\/2019\/08\/67463583_2313443435411857_1524870225105780736_n-350x263.jpg 350w, https:\/\/grupomarin.org\/nuevaweb\/wp-content\/uploads\/2019\/08\/67463583_2313443435411857_1524870225105780736_n-480x360.jpg 480w\" sizes=\"(max-width: 960px) 100vw, 960px\" \/>\t\t\t\t\t\t\t\t\t\t\t\t\t\t<\/div>\n\t\t\t\t\t\t<\/div>\n\t\t\t\t<\/div>\n\t\t\t\t\t\t<\/div>\n\t\t\t\t\t<\/div>\n\t\t<\/div>\n\t\t\t\t\t\t\t\t<\/div>\n\t\t\t\t\t<\/div>\n\t\t<\/section>\n\t\t\t\t\t\t\t\t\t<\/div>\n\t\t\t<\/div>\n\t\t\t\t\t<\/div>\n\t\t","protected":false},"excerpt":{"rendered":"<p>Financiamiento y sustentabilidad El Colegio [&hellip;]<\/p>\n","protected":false},"author":1,"featured_media":0,"parent":3306,"menu_order":0,"comment_status":"closed","ping_status":"closed","template":"page-templates\/page_fullwidth.php","meta":[],"_links":{"self":[{"href":"https:\/\/grupomarin.org\/nuevaweb\/wp-json\/wp\/v2\/pages\/3851"}],"collection":[{"href":"https:\/\/grupomarin.org\/nuevaweb\/wp-json\/wp\/v2\/pages"}],"about":[{"href":"https:\/\/grupomarin.org\/nuevaweb\/wp-json\/wp\/v2\/types\/page"}],"author":[{"embeddable":true,"href":"https:\/\/grupomarin.org\/nuevaweb\/wp-json\/wp\/v2\/users\/1"}],"replies":[{"embeddable":true,"href":"https:\/\/grupomarin.org\/nuevaweb\/wp-json\/wp\/v2\/comments?post=3851"}],"version-history":[{"count":7,"href":"https:\/\/grupomarin.org\/nuevaweb\/wp-json\/wp\/v2\/pages\/3851\/revisions"}],"predecessor-version":[{"id":5343,"href":"https:\/\/grupomarin.org\/nuevaweb\/wp-json\/wp\/v2\/pages\/3851\/revisions\/5343"}],"up":[{"embeddable":true,"href":"https:\/\/grupomarin.org\/nuevaweb\/wp-json\/wp\/v2\/pages\/3306"}],"wp:attachment":[{"href":"https:\/\/grupomarin.org\/nuevaweb\/wp-json\/wp\/v2\/media?parent=3851"}],"curies":[{"name":"wp","href":"https:\/\/api.w.org\/{rel}","templated":true}]}}