{"id":2043,"date":"2016-09-14T17:50:46","date_gmt":"2016-09-14T17:50:46","guid":{"rendered":"http:\/\/grupomarin.org\/nuevaweb\/?page_id=2043"},"modified":"2017-08-30T14:49:31","modified_gmt":"2017-08-30T14:49:31","slug":"houses","status":"publish","type":"page","link":"https:\/\/grupomarin.org\/nuevaweb\/cardenal-pironio-2\/houses\/","title":{"rendered":"HOUSES"},"content":{"rendered":"\t\t<div data-elementor-type=\"wp-post\" data-elementor-id=\"2043\" class=\"elementor elementor-2043 elementor-bc-flex-widget\">\n\t\t\t\t\t\t<div class=\"elementor-inner\">\n\t\t\t\t<div class=\"elementor-section-wrap\">\n\t\t\t\t\t\t\t\t\t<section class=\"elementor-section elementor-top-section elementor-element elementor-element-l5dugs4 elementor-section-boxed elementor-section-height-default elementor-section-height-default\" data-id=\"l5dugs4\" data-element_type=\"section\">\n\t\t\t\t\t\t<div class=\"elementor-container elementor-column-gap-default\">\n\t\t\t\t\t\t\t<div class=\"elementor-row\">\n\t\t\t\t\t<div class=\"elementor-column elementor-col-100 elementor-top-column elementor-element elementor-element-efld4gs\" data-id=\"efld4gs\" data-element_type=\"column\">\n\t\t\t<div class=\"elementor-column-wrap elementor-element-populated\">\n\t\t\t\t\t\t\t<div class=\"elementor-widget-wrap\">\n\t\t\t\t\t\t<div class=\"elementor-element elementor-element-65wq65o elementor-widget elementor-widget-image\" data-id=\"65wq65o\" data-element_type=\"widget\" data-widget_type=\"image.default\">\n\t\t\t\t<div class=\"elementor-widget-container\">\n\t\t\t\t\t\t\t\t<div class=\"elementor-image\">\n\t\t\t\t\t\t\t\t\t\t\t\t<img width=\"1024\" height=\"563\" src=\"https:\/\/grupomarin.org\/nuevaweb\/wp-content\/uploads\/2017\/08\/19702091_1359895710714185_4474456577566066959_n-1024x563.jpg\" class=\"attachment-large size-large\" alt=\"ni\u00f1os en educaci\u00f3n f\u00edsica\" loading=\"lazy\" srcset=\"https:\/\/grupomarin.org\/nuevaweb\/wp-content\/uploads\/2017\/08\/19702091_1359895710714185_4474456577566066959_n-1024x563.jpg 1024w, https:\/\/grupomarin.org\/nuevaweb\/wp-content\/uploads\/2017\/08\/19702091_1359895710714185_4474456577566066959_n-300x165.jpg 300w, https:\/\/grupomarin.org\/nuevaweb\/wp-content\/uploads\/2017\/08\/19702091_1359895710714185_4474456577566066959_n-768x422.jpg 768w, https:\/\/grupomarin.org\/nuevaweb\/wp-content\/uploads\/2017\/08\/19702091_1359895710714185_4474456577566066959_n-830x457.jpg 830w, https:\/\/grupomarin.org\/nuevaweb\/wp-content\/uploads\/2017\/08\/19702091_1359895710714185_4474456577566066959_n-230x127.jpg 230w, https:\/\/grupomarin.org\/nuevaweb\/wp-content\/uploads\/2017\/08\/19702091_1359895710714185_4474456577566066959_n-350x193.jpg 350w, https:\/\/grupomarin.org\/nuevaweb\/wp-content\/uploads\/2017\/08\/19702091_1359895710714185_4474456577566066959_n-480x264.jpg 480w, https:\/\/grupomarin.org\/nuevaweb\/wp-content\/uploads\/2017\/08\/19702091_1359895710714185_4474456577566066959_n.jpg 1280w\" sizes=\"(max-width: 1024px) 100vw, 1024px\" \/>\t\t\t\t\t\t\t\t\t\t\t\t\t\t<\/div>\n\t\t\t\t\t\t<\/div>\n\t\t\t\t<\/div>\n\t\t\t\t\t\t<\/div>\n\t\t\t\t\t<\/div>\n\t\t<\/div>\n\t\t\t\t\t\t\t\t<\/div>\n\t\t\t\t\t<\/div>\n\t\t<\/section>\n\t\t\t\t<section class=\"elementor-section elementor-top-section elementor-element elementor-element-uszkrpc elementor-section-boxed elementor-section-height-default elementor-section-height-default\" data-id=\"uszkrpc\" data-element_type=\"section\">\n\t\t\t\t\t\t<div class=\"elementor-container elementor-column-gap-default\">\n\t\t\t\t\t\t\t<div class=\"elementor-row\">\n\t\t\t\t\t<div class=\"elementor-column elementor-col-100 elementor-top-column elementor-element elementor-element-pv2owc6\" data-id=\"pv2owc6\" data-element_type=\"column\">\n\t\t\t<div class=\"elementor-column-wrap elementor-element-populated\">\n\t\t\t\t\t\t\t<div class=\"elementor-widget-wrap\">\n\t\t\t\t\t\t<div class=\"elementor-element elementor-element-7do1l2c elementor-widget elementor-widget-heading\" data-id=\"7do1l2c\" data-element_type=\"widget\" data-widget_type=\"heading.default\">\n\t\t\t\t<div class=\"elementor-widget-container\">\n\t\t\t<h2 class=\"elementor-heading-title elementor-size-large\">Sobre las Houses<\/h2>\t\t<\/div>\n\t\t\t\t<\/div>\n\t\t\t\t<div class=\"elementor-element elementor-element-xirmdll elementor-widget elementor-widget-spacer\" data-id=\"xirmdll\" data-element_type=\"widget\" data-widget_type=\"spacer.default\">\n\t\t\t\t<div class=\"elementor-widget-container\">\n\t\t\t\t\t<div class=\"elementor-spacer\">\n\t\t\t<div class=\"elementor-spacer-inner\"><\/div>\n\t\t<\/div>\n\t\t\t\t<\/div>\n\t\t\t\t<\/div>\n\t\t\t\t<div class=\"elementor-element elementor-element-fad55ok elementor-widget elementor-widget-text-editor\" data-id=\"fad55ok\" data-element_type=\"widget\" data-widget_type=\"text-editor.default\">\n\t\t\t\t<div class=\"elementor-widget-container\">\n\t\t\t\t\t\t\t\t<div class=\"elementor-text-editor elementor-clearfix\">\n\t\t\t\t<p style=\"text-align: center;\"><span style=\"color: #003366;\"><em>Se necesitan j\u00f3venes alegres, fuertes y profundos. Uds. lo son y se dar\u00e1n cuenta que no est\u00e1n solos. Entonces trabajar\u00e1n juntos por la libertad, la justicia y el amor. Y ese compromiso fraterno es esperanza.\u201d<\/em><\/span><\/p><p style=\"text-align: center;\"><span style=\"color: #003366;\"><em>Cardenal Eduardo F. Pironio<\/em><\/span><br \/><span style=\"color: #003366;\"><em>Roma, 19 de marzo de 1987<\/em><\/span><\/p>\t\t\t\t\t<\/div>\n\t\t\t\t\t\t<\/div>\n\t\t\t\t<\/div>\n\t\t\t\t<div class=\"elementor-element elementor-element-a3gh0mo elementor-widget elementor-widget-spacer\" data-id=\"a3gh0mo\" data-element_type=\"widget\" data-widget_type=\"spacer.default\">\n\t\t\t\t<div class=\"elementor-widget-container\">\n\t\t\t\t\t<div class=\"elementor-spacer\">\n\t\t\t<div class=\"elementor-spacer-inner\"><\/div>\n\t\t<\/div>\n\t\t\t\t<\/div>\n\t\t\t\t<\/div>\n\t\t\t\t<div class=\"elementor-element elementor-element-z089sfu elementor-widget elementor-widget-text-editor\" data-id=\"z089sfu\" data-element_type=\"widget\" data-widget_type=\"text-editor.default\">\n\t\t\t\t<div class=\"elementor-widget-container\">\n\t\t\t\t\t\t\t\t<div class=\"elementor-text-editor elementor-clearfix\">\n\t\t\t\t<p style=\"text-align: justify;\">A la luz de estas palabras que dirigiera el Cardenal Pironio, previo a la jornada mundial de la Juventud realizada en Bs. As en 1987, nace la modalidad de los Houses, con su esquema de capitanes y preceptores con la intenci\u00f3n de integrar y generar espacios de participaci\u00f3n por sobre todas las cosas y de competencia sana. Aspiramos a trav\u00e9s de este esquema a afianzar el sentido de pertenencia a la instituci\u00f3n y la cultura del esfuerzo.<\/p><p style=\"text-align: justify;\">Deseamos contribuir a que en nuestra comunidad resalten \u00a0los valores de la ALEGR\u00cdA, el ESFUERZO \u00a0y la SOLIDARIDAD, los que se ven reflejados \u00a0en los patronos de \u00a0las <i>Houses<\/i> de nuestro colegio: San Ignacio de Loyola, Santo Tom\u00e1s Moro y la Madre Teresa de Calcuta.<\/p>\t\t\t\t\t<\/div>\n\t\t\t\t\t\t<\/div>\n\t\t\t\t<\/div>\n\t\t\t\t<div class=\"elementor-element elementor-element-xtzwrtn elementor-widget elementor-widget-spacer\" data-id=\"xtzwrtn\" data-element_type=\"widget\" data-widget_type=\"spacer.default\">\n\t\t\t\t<div class=\"elementor-widget-container\">\n\t\t\t\t\t<div class=\"elementor-spacer\">\n\t\t\t<div class=\"elementor-spacer-inner\"><\/div>\n\t\t<\/div>\n\t\t\t\t<\/div>\n\t\t\t\t<\/div>\n\t\t\t\t<div class=\"elementor-element elementor-element-efjvh57 gallery-spacing-custom elementor-widget elementor-widget-image-gallery\" data-id=\"efjvh57\" data-element_type=\"widget\" data-widget_type=\"image-gallery.default\">\n\t\t\t\t<div class=\"elementor-widget-container\">\n\t\t\t\t\t<div class=\"elementor-image-gallery\">\n\t\t\t<div id='gallery-1' class='gallery galleryid-2043 gallery-columns-3 gallery-size-large'><figure class='gallery-item'>\n\t\t\t<div class='gallery-icon portrait'>\n\t\t\t\t<a data-elementor-open-lightbox=\"yes\" data-elementor-lightbox-slideshow=\"efjvh57\" data-elementor-lightbox-title=\"banners_munne-medida-04-119x300\" e-action-hash=\"#elementor-action%3Aaction%3Dlightbox%26settings%3DeyJpZCI6MjA0NiwidXJsIjoiaHR0cHM6XC9cL2dydXBvbWFyaW4ub3JnXC9udWV2YXdlYlwvd3AtY29udGVudFwvdXBsb2Fkc1wvMjAxNlwvMDlcL2Jhbm5lcnNfbXVubmUtbWVkaWRhLTA0LTExOXgzMDAuanBnIiwic2xpZGVzaG93IjoiZWZqdmg1NyJ9\" href='https:\/\/grupomarin.org\/nuevaweb\/wp-content\/uploads\/2016\/09\/banners_munne-medida-04-119x300.jpg'><img width=\"119\" height=\"300\" src=\"https:\/\/grupomarin.org\/nuevaweb\/wp-content\/uploads\/2016\/09\/banners_munne-medida-04-119x300.jpg\" class=\"attachment-large size-large\" alt=\"effort makes the difference\" loading=\"lazy\" \/><\/a>\n\t\t\t<\/div><\/figure><figure class='gallery-item'>\n\t\t\t<div class='gallery-icon portrait'>\n\t\t\t\t<a data-elementor-open-lightbox=\"yes\" data-elementor-lightbox-slideshow=\"efjvh57\" data-elementor-lightbox-title=\"banners_munne-medida-005-121x300\" e-action-hash=\"#elementor-action%3Aaction%3Dlightbox%26settings%3DeyJpZCI6MjA0NywidXJsIjoiaHR0cHM6XC9cL2dydXBvbWFyaW4ub3JnXC9udWV2YXdlYlwvd3AtY29udGVudFwvdXBsb2Fkc1wvMjAxNlwvMDlcL2Jhbm5lcnNfbXVubmUtbWVkaWRhLTAwNS0xMjF4MzAwLmpwZyIsInNsaWRlc2hvdyI6ImVmanZoNTcifQ%3D%3D\" href='https:\/\/grupomarin.org\/nuevaweb\/wp-content\/uploads\/2016\/09\/banners_munne-medida-005-121x300.jpg'><img width=\"121\" height=\"300\" src=\"https:\/\/grupomarin.org\/nuevaweb\/wp-content\/uploads\/2016\/09\/banners_munne-medida-005-121x300.jpg\" class=\"attachment-large size-large\" alt=\"give more than you can spare\" loading=\"lazy\" \/><\/a>\n\t\t\t<\/div><\/figure><figure class='gallery-item'>\n\t\t\t<div class='gallery-icon portrait'>\n\t\t\t\t<a data-elementor-open-lightbox=\"yes\" data-elementor-lightbox-slideshow=\"efjvh57\" data-elementor-lightbox-title=\"banners_munne-medida-006-119x300\" e-action-hash=\"#elementor-action%3Aaction%3Dlightbox%26settings%3DeyJpZCI6MjA0OCwidXJsIjoiaHR0cHM6XC9cL2dydXBvbWFyaW4ub3JnXC9udWV2YXdlYlwvd3AtY29udGVudFwvdXBsb2Fkc1wvMjAxNlwvMDlcL2Jhbm5lcnNfbXVubmUtbWVkaWRhLTAwNi0xMTl4MzAwLmpwZyIsInNsaWRlc2hvdyI6ImVmanZoNTcifQ%3D%3D\" href='https:\/\/grupomarin.org\/nuevaweb\/wp-content\/uploads\/2016\/09\/banners_munne-medida-006-119x300.jpg'><img width=\"119\" height=\"300\" src=\"https:\/\/grupomarin.org\/nuevaweb\/wp-content\/uploads\/2016\/09\/banners_munne-medida-006-119x300.jpg\" class=\"attachment-large size-large\" alt=\"the game will never stop if joy is here forever\" loading=\"lazy\" \/><\/a>\n\t\t\t<\/div><\/figure>\n\t\t<\/div>\n\t\t<\/div>\n\t\t\t\t<\/div>\n\t\t\t\t<\/div>\n\t\t\t\t<div class=\"elementor-element elementor-element-b7t3wnf elementor-widget elementor-widget-spacer\" data-id=\"b7t3wnf\" data-element_type=\"widget\" data-widget_type=\"spacer.default\">\n\t\t\t\t<div class=\"elementor-widget-container\">\n\t\t\t\t\t<div class=\"elementor-spacer\">\n\t\t\t<div class=\"elementor-spacer-inner\"><\/div>\n\t\t<\/div>\n\t\t\t\t<\/div>\n\t\t\t\t<\/div>\n\t\t\t\t<div class=\"elementor-element elementor-element-sugl3xu elementor-widget elementor-widget-text-editor\" data-id=\"sugl3xu\" data-element_type=\"widget\" data-widget_type=\"text-editor.default\">\n\t\t\t\t<div class=\"elementor-widget-container\">\n\t\t\t\t\t\t\t\t<div class=\"elementor-text-editor elementor-clearfix\">\n\t\t\t\t<p style=\"text-align: justify;\">Los alumnos del \u00faltimo a\u00f1o de la escolaridad desarrollar\u00e1n el rol de House Captains representados por una mujer y un var\u00f3n elegidos por sus pares en consenso con el equipo directivo de la instituci\u00f3n. El rol de Prefects (preceptores) ser\u00e1 asumido por los alumnos del curso inmediato anterior con el mismo esquema de elecci\u00f3n. Ellos asumir\u00e1n la responsabilidad de organizar diferentes actividades pautadas conjuntamente con la instituci\u00f3n, liderando a su grupo, alent\u00e1ndolos a dar testimonio del valor que representa su House.<\/p><p style=\"text-align: justify;\">Cuando el alumno ingresa al colegio se le otorga a la familia un color; todos los miembros de la familia pertenecer\u00e1n al mismo House a lo largo de toda la escolaridad del ni\u00f1o\/ni\u00f1a. Los alumnos de los distintos niveles podr\u00e1n interactuar con los miembros de su House permiti\u00e9ndoles crear lazos de amistad as\u00ed como tambi\u00e9n la posibilidad de desarrollar roles de liderazgo.<\/p><p style=\"text-align: justify;\">Estos colores podr\u00e1n heredarse; cuando los egresados traigan a sus hijos al colegio ellos portar\u00e1n el color del House al que perteneci\u00f3 su padre\/madre.<\/p>\t\t\t\t\t<\/div>\n\t\t\t\t\t\t<\/div>\n\t\t\t\t<\/div>\n\t\t\t\t\t\t<\/div>\n\t\t\t\t\t<\/div>\n\t\t<\/div>\n\t\t\t\t\t\t\t\t<\/div>\n\t\t\t\t\t<\/div>\n\t\t<\/section>\n\t\t\t\t<section class=\"elementor-section elementor-top-section elementor-element elementor-element-tx4x8qd elementor-section-boxed elementor-section-height-default elementor-section-height-default\" data-id=\"tx4x8qd\" data-element_type=\"section\">\n\t\t\t\t\t\t<div class=\"elementor-container elementor-column-gap-default\">\n\t\t\t\t\t\t\t<div class=\"elementor-row\">\n\t\t\t\t\t<div class=\"elementor-column elementor-col-33 elementor-top-column elementor-element elementor-element-itcpyjr\" data-id=\"itcpyjr\" data-element_type=\"column\">\n\t\t\t<div class=\"elementor-column-wrap elementor-element-populated\">\n\t\t\t\t\t\t\t<div class=\"elementor-widget-wrap\">\n\t\t\t\t\t\t<div class=\"elementor-element elementor-element-o7cu8u0 elementor-widget elementor-widget-image\" data-id=\"o7cu8u0\" data-element_type=\"widget\" data-widget_type=\"image.default\">\n\t\t\t\t<div class=\"elementor-widget-container\">\n\t\t\t\t\t\t\t\t<div class=\"elementor-image\">\n\t\t\t\t\t\t\t\t\t\t\t\t\t<a href=\"http:\/\/grupomarin.org\/nuevaweb\/?page_id=2059%20\">\n\t\t\t\t\t\t\t<img width=\"198\" height=\"60\" src=\"https:\/\/grupomarin.org\/nuevaweb\/wp-content\/uploads\/2016\/09\/EFFORT.png\" class=\"attachment-full size-full\" alt=\"effort\" loading=\"lazy\" \/>\t\t\t\t\t\t\t\t<\/a>\n\t\t\t\t\t\t\t\t\t\t\t\t\t\t<\/div>\n\t\t\t\t\t\t<\/div>\n\t\t\t\t<\/div>\n\t\t\t\t\t\t<\/div>\n\t\t\t\t\t<\/div>\n\t\t<\/div>\n\t\t\t\t<div class=\"elementor-column elementor-col-33 elementor-top-column elementor-element elementor-element-j8mej6m\" data-id=\"j8mej6m\" data-element_type=\"column\">\n\t\t\t<div class=\"elementor-column-wrap elementor-element-populated\">\n\t\t\t\t\t\t\t<div class=\"elementor-widget-wrap\">\n\t\t\t\t\t\t<div class=\"elementor-element elementor-element-imbkgfk elementor-widget elementor-widget-image\" data-id=\"imbkgfk\" data-element_type=\"widget\" data-widget_type=\"image.default\">\n\t\t\t\t<div class=\"elementor-widget-container\">\n\t\t\t\t\t\t\t\t<div class=\"elementor-image\">\n\t\t\t\t\t\t\t\t\t\t\t\t\t<a href=\"http:\/\/grupomarin.org\/nuevaweb\/?page_id=2067%20\">\n\t\t\t\t\t\t\t<img width=\"198\" height=\"60\" src=\"https:\/\/grupomarin.org\/nuevaweb\/wp-content\/uploads\/2016\/09\/CHARITY.png\" class=\"attachment-full size-full\" alt=\"charity\" loading=\"lazy\" \/>\t\t\t\t\t\t\t\t<\/a>\n\t\t\t\t\t\t\t\t\t\t\t\t\t\t<\/div>\n\t\t\t\t\t\t<\/div>\n\t\t\t\t<\/div>\n\t\t\t\t\t\t<\/div>\n\t\t\t\t\t<\/div>\n\t\t<\/div>\n\t\t\t\t<div class=\"elementor-column elementor-col-33 elementor-top-column elementor-element elementor-element-k959iav\" data-id=\"k959iav\" data-element_type=\"column\">\n\t\t\t<div class=\"elementor-column-wrap elementor-element-populated\">\n\t\t\t\t\t\t\t<div class=\"elementor-widget-wrap\">\n\t\t\t\t\t\t<div class=\"elementor-element elementor-element-m1y8jsq elementor-widget elementor-widget-image\" data-id=\"m1y8jsq\" data-element_type=\"widget\" data-widget_type=\"image.default\">\n\t\t\t\t<div class=\"elementor-widget-container\">\n\t\t\t\t\t\t\t\t<div class=\"elementor-image\">\n\t\t\t\t\t\t\t\t\t\t\t\t\t<a href=\"http:\/\/grupomarin.org\/nuevaweb\/?page_id=2074%20\">\n\t\t\t\t\t\t\t<img width=\"198\" height=\"60\" src=\"https:\/\/grupomarin.org\/nuevaweb\/wp-content\/uploads\/2016\/09\/JOY.png\" class=\"attachment-full size-full\" alt=\"joy\" loading=\"lazy\" \/>\t\t\t\t\t\t\t\t<\/a>\n\t\t\t\t\t\t\t\t\t\t\t\t\t\t<\/div>\n\t\t\t\t\t\t<\/div>\n\t\t\t\t<\/div>\n\t\t\t\t\t\t<\/div>\n\t\t\t\t\t<\/div>\n\t\t<\/div>\n\t\t\t\t\t\t\t\t<\/div>\n\t\t\t\t\t<\/div>\n\t\t<\/section>\n\t\t\t\t\t\t\t\t\t<\/div>\n\t\t\t<\/div>\n\t\t\t\t\t<\/div>\n\t\t","protected":false},"excerpt":{"rendered":"<p>Sobre las Houses Se necesitan [&hellip;]<\/p>\n","protected":false},"author":1,"featured_media":0,"parent":3295,"menu_order":0,"comment_status":"closed","ping_status":"closed","template":"page-templates\/page_fullwidth.php","meta":[],"_links":{"self":[{"href":"https:\/\/grupomarin.org\/nuevaweb\/wp-json\/wp\/v2\/pages\/2043"}],"collection":[{"href":"https:\/\/grupomarin.org\/nuevaweb\/wp-json\/wp\/v2\/pages"}],"about":[{"href":"https:\/\/grupomarin.org\/nuevaweb\/wp-json\/wp\/v2\/types\/page"}],"author":[{"embeddable":true,"href":"https:\/\/grupomarin.org\/nuevaweb\/wp-json\/wp\/v2\/users\/1"}],"replies":[{"embeddable":true,"href":"https:\/\/grupomarin.org\/nuevaweb\/wp-json\/wp\/v2\/comments?post=2043"}],"version-history":[{"count":15,"href":"https:\/\/grupomarin.org\/nuevaweb\/wp-json\/wp\/v2\/pages\/2043\/revisions"}],"predecessor-version":[{"id":3845,"href":"https:\/\/grupomarin.org\/nuevaweb\/wp-json\/wp\/v2\/pages\/2043\/revisions\/3845"}],"up":[{"embeddable":true,"href":"https:\/\/grupomarin.org\/nuevaweb\/wp-json\/wp\/v2\/pages\/3295"}],"wp:attachment":[{"href":"https:\/\/grupomarin.org\/nuevaweb\/wp-json\/wp\/v2\/media?parent=2043"}],"curies":[{"name":"wp","href":"https:\/\/api.w.org\/{rel}","templated":true}]}}