{"id":1302,"date":"2016-07-20T17:55:39","date_gmt":"2016-07-20T17:55:39","guid":{"rendered":"http:\/\/grupomarin.org\/nuevaweb\/?page_id=1302"},"modified":"2017-08-30T19:22:02","modified_gmt":"2017-08-30T19:22:02","slug":"museos","status":"publish","type":"page","link":"https:\/\/grupomarin.org\/nuevaweb\/museos\/","title":{"rendered":"Museos"},"content":{"rendered":"\t\t<div data-elementor-type=\"wp-post\" data-elementor-id=\"1302\" class=\"elementor elementor-1302 elementor-bc-flex-widget\">\n\t\t\t\t\t\t<div class=\"elementor-inner\">\n\t\t\t\t<div class=\"elementor-section-wrap\">\n\t\t\t\t\t\t\t\t\t<section class=\"elementor-section elementor-top-section elementor-element elementor-element-fa0ncku elementor-section-boxed elementor-section-height-default elementor-section-height-default\" data-id=\"fa0ncku\" data-element_type=\"section\">\n\t\t\t\t\t\t<div class=\"elementor-container elementor-column-gap-default\">\n\t\t\t\t\t\t\t<div class=\"elementor-row\">\n\t\t\t\t\t<div class=\"elementor-column elementor-col-100 elementor-top-column elementor-element elementor-element-9lycttt\" data-id=\"9lycttt\" data-element_type=\"column\">\n\t\t\t<div class=\"elementor-column-wrap elementor-element-populated\">\n\t\t\t\t\t\t\t<div class=\"elementor-widget-wrap\">\n\t\t\t\t\t\t<section class=\"elementor-section elementor-inner-section elementor-element elementor-element-s8a54rz elementor-section-boxed elementor-section-height-default elementor-section-height-default\" data-id=\"s8a54rz\" data-element_type=\"section\">\n\t\t\t\t\t\t<div class=\"elementor-container elementor-column-gap-default\">\n\t\t\t\t\t\t\t<div class=\"elementor-row\">\n\t\t\t\t\t<div class=\"elementor-column elementor-col-50 elementor-inner-column elementor-element elementor-element-x1h6fob\" data-id=\"x1h6fob\" data-element_type=\"column\">\n\t\t\t<div class=\"elementor-column-wrap elementor-element-populated\">\n\t\t\t\t\t\t\t<div class=\"elementor-widget-wrap\">\n\t\t\t\t\t\t<div class=\"elementor-element elementor-element-jsmpe50 elementor-widget elementor-widget-heading\" data-id=\"jsmpe50\" data-element_type=\"widget\" data-widget_type=\"heading.default\">\n\t\t\t\t<div class=\"elementor-widget-container\">\n\t\t\t<h2 class=\"elementor-heading-title elementor-size-large\">Museos del Colegio<\/h2>\t\t<\/div>\n\t\t\t\t<\/div>\n\t\t\t\t\t\t<\/div>\n\t\t\t\t\t<\/div>\n\t\t<\/div>\n\t\t\t\t<div class=\"elementor-column elementor-col-50 elementor-inner-column elementor-element elementor-element-5adywxs\" data-id=\"5adywxs\" data-element_type=\"column\">\n\t\t\t<div class=\"elementor-column-wrap elementor-element-populated\">\n\t\t\t\t\t\t\t<div class=\"elementor-widget-wrap\">\n\t\t\t\t\t\t<div class=\"elementor-element elementor-element-rsv23vl elementor-widget elementor-widget-button\" data-id=\"rsv23vl\" data-element_type=\"widget\" data-widget_type=\"button.default\">\n\t\t\t\t<div class=\"elementor-widget-container\">\n\t\t\t\t\t<div class=\"elementor-button-wrapper\">\n\t\t\t<a href=\"http:\/\/www.cam.educaciondigital.net\/museo\/%20\" target=\"_blank\" rel=\"nofollow\" class=\"elementor-button-link elementor-button elementor-size-sm\" role=\"button\">\n\t\t\t\t\t\t<span class=\"elementor-button-content-wrapper\">\n\t\t\t\t\t\t<span class=\"elementor-button-text\">Visit\u00e1 el sitio<\/span>\n\t\t<\/span>\n\t\t\t\t\t<\/a>\n\t\t<\/div>\n\t\t\t\t<\/div>\n\t\t\t\t<\/div>\n\t\t\t\t\t\t<\/div>\n\t\t\t\t\t<\/div>\n\t\t<\/div>\n\t\t\t\t\t\t\t\t<\/div>\n\t\t\t\t\t<\/div>\n\t\t<\/section>\n\t\t\t\t<div class=\"elementor-element elementor-element-hvlkbb2 elementor-pagination-position-outside elementor-widget elementor-widget-image-carousel\" data-id=\"hvlkbb2\" data-element_type=\"widget\" data-settings=\"{&quot;slides_to_show&quot;:&quot;1&quot;,&quot;slides_to_show_tablet&quot;:&quot;1&quot;,&quot;navigation&quot;:&quot;dots&quot;,&quot;autoplay&quot;:&quot;yes&quot;,&quot;pause_on_hover&quot;:&quot;yes&quot;,&quot;pause_on_interaction&quot;:&quot;yes&quot;,&quot;autoplay_speed&quot;:5000,&quot;infinite&quot;:&quot;yes&quot;,&quot;effect&quot;:&quot;slide&quot;,&quot;speed&quot;:500}\" data-widget_type=\"image-carousel.default\">\n\t\t\t\t<div class=\"elementor-widget-container\">\n\t\t\t\t\t<div class=\"elementor-image-carousel-wrapper swiper-container\" dir=\"ltr\">\n\t\t\t<div class=\"elementor-image-carousel swiper-wrapper\">\n\t\t\t\t\t\t\t\t<div class=\"swiper-slide\"><figure class=\"swiper-slide-inner\"><img class=\"swiper-slide-image\" src=\"https:\/\/grupomarin.org\/nuevaweb\/wp-content\/uploads\/2016\/07\/DSCN7952-1024x768-1024x768.jpg\" alt=\"museo\" \/><\/figure><\/div><div class=\"swiper-slide\"><figure class=\"swiper-slide-inner\"><img class=\"swiper-slide-image\" src=\"https:\/\/grupomarin.org\/nuevaweb\/wp-content\/uploads\/2016\/07\/DSCN7957-1024x768-1024x768.jpg\" alt=\"museo\" \/><\/figure><\/div><div class=\"swiper-slide\"><figure class=\"swiper-slide-inner\"><img class=\"swiper-slide-image\" src=\"https:\/\/grupomarin.org\/nuevaweb\/wp-content\/uploads\/2016\/07\/DSCN7948-1024x768-1024x768.jpg\" alt=\"museo\" \/><\/figure><\/div><div class=\"swiper-slide\"><figure class=\"swiper-slide-inner\"><img class=\"swiper-slide-image\" src=\"https:\/\/grupomarin.org\/nuevaweb\/wp-content\/uploads\/2016\/07\/DSCN7941-1024x768-1024x768.jpg\" alt=\"museo\" \/><\/figure><\/div>\t\t\t<\/div>\n\t\t\t\t\t\t\t\t\t\t\t\t<div class=\"swiper-pagination\"><\/div>\n\t\t\t\t\t\t\t\t\t\t\t\t\t<\/div>\n\t\t\t\t<\/div>\n\t\t\t\t<\/div>\n\t\t\t\t<div class=\"elementor-element elementor-element-iyql6mf elementor-widget elementor-widget-spacer\" data-id=\"iyql6mf\" data-element_type=\"widget\" data-widget_type=\"spacer.default\">\n\t\t\t\t<div class=\"elementor-widget-container\">\n\t\t\t\t\t<div class=\"elementor-spacer\">\n\t\t\t<div class=\"elementor-spacer-inner\"><\/div>\n\t\t<\/div>\n\t\t\t\t<\/div>\n\t\t\t\t<\/div>\n\t\t\t\t<section class=\"elementor-section elementor-inner-section elementor-element elementor-element-wx9s7ha elementor-section-boxed elementor-section-height-default elementor-section-height-default\" data-id=\"wx9s7ha\" data-element_type=\"section\">\n\t\t\t\t\t\t<div class=\"elementor-container elementor-column-gap-default\">\n\t\t\t\t\t\t\t<div class=\"elementor-row\">\n\t\t\t\t\t<div class=\"elementor-column elementor-col-50 elementor-inner-column elementor-element elementor-element-f400q94\" data-id=\"f400q94\" data-element_type=\"column\">\n\t\t\t<div class=\"elementor-column-wrap elementor-element-populated\">\n\t\t\t\t\t\t\t<div class=\"elementor-widget-wrap\">\n\t\t\t\t\t\t<div class=\"elementor-element elementor-element-szdug0o elementor-widget elementor-widget-heading\" data-id=\"szdug0o\" data-element_type=\"widget\" data-widget_type=\"heading.default\">\n\t\t\t\t<div class=\"elementor-widget-container\">\n\t\t\t<h2 class=\"elementor-heading-title elementor-size-small\">Museo de Ciencias Naturales Hno. Ot\u00f3n Dionisio<\/h2>\t\t<\/div>\n\t\t\t\t<\/div>\n\t\t\t\t<div class=\"elementor-element elementor-element-hl7ajc0 elementor-widget elementor-widget-text-editor\" data-id=\"hl7ajc0\" data-element_type=\"widget\" data-widget_type=\"text-editor.default\">\n\t\t\t\t<div class=\"elementor-widget-container\">\n\t\t\t\t\t\t\t\t<div class=\"elementor-text-editor elementor-clearfix\">\n\t\t\t\t<p style=\"text-align: justify;\">El Museo de Ciencias Naturales data desde los or\u00edgenes mismos del colegio, en 1912 se realizan las primeras compras de animales taxidermados y elementos de ense\u00f1anza. <strong>Entre las curiosidades se encuentra una replica del cuerpo humano<\/strong> hecha en Francia y comprada por el colegio en 1916 y restaurada por alumnos pasantes. Los completos registros permiten saber que costo 1\/6 parte de un Ford T que se compro tambi\u00e9n en aquel a\u00f1o.<\/p><p style=\"text-align: justify;\">El \u00faltimo director institucional y organizador Lasallano del museo fue el Hermano Ot\u00f3n Dionisio, el realizo una gran cantidad de incorporaciones taxidermadas por \u00e9l mismo.<\/p><p style=\"text-align: justify;\"><strong>Se cuenta con m\u00e1s de 610 animales taxidermados<\/strong>, m\u00e1s del 95% de ellos pertenecientes a la fauna Argentina, y de los cuales 440 son aves, el resto son mam\u00edferos, of\u00eddeos, saurios, quelonios y peces. La colecci\u00f3n de insectos se cuenta por miles, desde diminutos escorpiones a las m\u00e1s grandes mariposas. Tambi\u00e9n se pueden encontrar especies animales muy extra\u00f1as como el Drag\u00f3n de Komodo y el Tiburon Martillo.<\/p><p style=\"text-align: justify;\"><strong>Tambi\u00e9n se cuenta con una extensa colecci\u00f3n de piezas catalogadas en la minerolog\u00eda, arqueolog\u00eda y paleontolog\u00eda.<\/strong> Gran parte de estas piezas son recuperadas de la historia por los alumnos en sus viajes de estudio y hallazgos fortuitos.<\/p><p style=\"text-align: justify;\">\u00a0<\/p><p style=\"text-align: justify;\"><span style=\"color: #333399;\">Para visitar este museo sugerimos informarse telef\u00f3nicamente sobre los horarios al publico en general, el museo esta a cargo de <strong>Silvia Bortolotti (<em>museos@marin.edu.ar<\/em>) .<\/strong><\/span><\/p>\t\t\t\t\t<\/div>\n\t\t\t\t\t\t<\/div>\n\t\t\t\t<\/div>\n\t\t\t\t<div class=\"elementor-element elementor-element-84mam9h elementor-hidden-desktop elementor-hidden-tablet elementor-widget-divider--view-line elementor-widget elementor-widget-divider\" data-id=\"84mam9h\" data-element_type=\"widget\" data-widget_type=\"divider.default\">\n\t\t\t\t<div class=\"elementor-widget-container\">\n\t\t\t\t\t<div class=\"elementor-divider\">\n\t\t\t<span class=\"elementor-divider-separator\">\n\t\t\t\t\t\t<\/span>\n\t\t<\/div>\n\t\t\t\t<\/div>\n\t\t\t\t<\/div>\n\t\t\t\t\t\t<\/div>\n\t\t\t\t\t<\/div>\n\t\t<\/div>\n\t\t\t\t<div class=\"elementor-column elementor-col-50 elementor-inner-column elementor-element elementor-element-rder2ig\" data-id=\"rder2ig\" data-element_type=\"column\">\n\t\t\t<div class=\"elementor-column-wrap elementor-element-populated\">\n\t\t\t\t\t\t\t<div class=\"elementor-widget-wrap\">\n\t\t\t\t\t\t<div class=\"elementor-element elementor-element-01y9wzb elementor-widget elementor-widget-heading\" data-id=\"01y9wzb\" data-element_type=\"widget\" data-widget_type=\"heading.default\">\n\t\t\t\t<div class=\"elementor-widget-container\">\n\t\t\t<h2 class=\"elementor-heading-title elementor-size-small\">Museo Hist\u00f3rico del Colegio Carmen Arriola de Mar\u00edn<\/h2>\t\t<\/div>\n\t\t\t\t<\/div>\n\t\t\t\t<div class=\"elementor-element elementor-element-voqmx4q elementor-widget elementor-widget-text-editor\" data-id=\"voqmx4q\" data-element_type=\"widget\" data-widget_type=\"text-editor.default\">\n\t\t\t\t<div class=\"elementor-widget-container\">\n\t\t\t\t\t\t\t\t<div class=\"elementor-text-editor elementor-clearfix\">\n\t\t\t\t<p style=\"text-align: justify;\">El museo hist\u00f3rico del Colegio Mar\u00edn alberga una extensa colecci\u00f3n de objetos que se usaron a la lo largo de nueve d\u00e9cadas los profesores de la Orden de La Salle y la actual conducci\u00f3n Diocesana.<\/p><p style=\"text-align: justify;\">Entre los objetos m\u00e1s antiguos de principios del siglo XX se pueden encontrar proyectores de daguerrotipos, sill\u00f3n de odont\u00f3logo, instrumental asistencial perteneciente a la enfermer\u00eda del colegio, camas que fueron las que utilizaban los pupilos y elementos recreativos.<\/p><p style=\"text-align: justify;\">Tambi\u00e9n se puede encontrar una gran cantidad de objetos religiosos utilizados por d\u00e9cadas e im\u00e1genes religiosa de gran tama\u00f1o que ocuparon distintos lugares en la capilla y espacios del colegio.<\/p><p style=\"text-align: justify;\">El museo se ubica en un subsuelo antiguamente utilizado como taller para elaboraci\u00f3n de vinos y bodegas para a\u00f1ejamiento, para visitarlo se encuentra abierto todos los d\u00edas por la ma\u00f1ana.<\/p>\t\t\t\t\t<\/div>\n\t\t\t\t\t\t<\/div>\n\t\t\t\t<\/div>\n\t\t\t\t\t\t<\/div>\n\t\t\t\t\t<\/div>\n\t\t<\/div>\n\t\t\t\t\t\t\t\t<\/div>\n\t\t\t\t\t<\/div>\n\t\t<\/section>\n\t\t\t\t<div class=\"elementor-element elementor-element-03389v2 elementor-widget elementor-widget-spacer\" data-id=\"03389v2\" data-element_type=\"widget\" data-widget_type=\"spacer.default\">\n\t\t\t\t<div class=\"elementor-widget-container\">\n\t\t\t\t\t<div class=\"elementor-spacer\">\n\t\t\t<div class=\"elementor-spacer-inner\"><\/div>\n\t\t<\/div>\n\t\t\t\t<\/div>\n\t\t\t\t<\/div>\n\t\t\t\t\t\t<\/div>\n\t\t\t\t\t<\/div>\n\t\t<\/div>\n\t\t\t\t\t\t\t\t<\/div>\n\t\t\t\t\t<\/div>\n\t\t<\/section>\n\t\t\t\t\t\t\t\t\t<\/div>\n\t\t\t<\/div>\n\t\t\t\t\t<\/div>\n\t\t","protected":false},"excerpt":{"rendered":"<p>Museos del Colegio Visit\u00e1 el [&hellip;]<\/p>\n","protected":false},"author":1,"featured_media":0,"parent":0,"menu_order":0,"comment_status":"closed","ping_status":"closed","template":"page-templates\/page_fullwidth.php","meta":[],"_links":{"self":[{"href":"https:\/\/grupomarin.org\/nuevaweb\/wp-json\/wp\/v2\/pages\/1302"}],"collection":[{"href":"https:\/\/grupomarin.org\/nuevaweb\/wp-json\/wp\/v2\/pages"}],"about":[{"href":"https:\/\/grupomarin.org\/nuevaweb\/wp-json\/wp\/v2\/types\/page"}],"author":[{"embeddable":true,"href":"https:\/\/grupomarin.org\/nuevaweb\/wp-json\/wp\/v2\/users\/1"}],"replies":[{"embeddable":true,"href":"https:\/\/grupomarin.org\/nuevaweb\/wp-json\/wp\/v2\/comments?post=1302"}],"version-history":[{"count":19,"href":"https:\/\/grupomarin.org\/nuevaweb\/wp-json\/wp\/v2\/pages\/1302\/revisions"}],"predecessor-version":[{"id":4047,"href":"https:\/\/grupomarin.org\/nuevaweb\/wp-json\/wp\/v2\/pages\/1302\/revisions\/4047"}],"wp:attachment":[{"href":"https:\/\/grupomarin.org\/nuevaweb\/wp-json\/wp\/v2\/media?parent=1302"}],"curies":[{"name":"wp","href":"https:\/\/api.w.org\/{rel}","templated":true}]}}